Suppose -305442 = -21*o + 307653. Is o prime?
False
Suppose -3*j - 4*p + 1 = 0, 15*p + 5 = 20*p. Let n(r) = -6564*r + 6. Let u be n(j). Suppose 3789 = 9*w - u. Is w a composite number?
False
Suppose -5*m = -2*n - 24309 - 218193, -m - 4*n = -48518. Is m composite?
True
Let n be 878*4/(-6) + (-12)/18. Suppose -5*k + 6835 = 5*s, -3*s - 4*k + 3*k + 4109 = 0. Let t = s + n. Is t a composite number?
True
Let u be ((-3)/6*0)/(-3). Suppose 2*i - 4*p + 7*p + 13306 = u, -2*i = -5*p + 13290. Is i/(-21) + (-1)/(-3) composite?
False
Suppose 41*i - 47*i = -1908. Let t = 587 - i. Is t a prime number?
True
Suppose -3*d + 85245 = 148*h - 149*h, 0 = d + h - 28423. Is d composite?
True
Suppose -9 = -11*y - 20. Let q be y/((-20)/(-8))*(4 + -14). Suppose 0 = 6*w - 2*w + q*r - 3076, 3*w - 2291 = 5*r. Is w a prime number?
False
Suppose -2 = -3*t + 5*p + 27, 0 = 5*t + p - 39. Let r(q) be the third derivative of q**6/120 - 2*q**5/15 + q**4/4 + 7*q**3/6 - 38*q**2. Is r(t) composite?
True
Let r(m) be the second derivative of 113*m**4/12 - 3*m**3/2 - 73*m**2/2 - m + 10. Is r(-12) prime?
False
Let f(h) = 24*h + 7. Let s be f(-20). Let y = 448 - s. Is y prime?
False
Suppose 0 = 8*m - 877404 + 164180. Is m a composite number?
False
Suppose c = 5*f + 12, 0 = -7*c + 6*c + 2*f + 15. Let k(v) = -v**3 + 17*v**2 + 9*v + 52. Is k(c) prime?
False
Suppose 2263*t - 2461*t = -191389374. Is t a composite number?
False
Suppose 921 = -5*z - 4*h, z + 165 = 3*h + h. Let c = z + 402. Is c composite?
True
Suppose -148 = -2*p - i, -5*p - 3*i = 2*i - 365. Let a = -69 + p. Is (-20 + a)*478/4*-1 composite?
True
Let c(b) = 42*b + 45. Let v be c(-1). Suppose v*k + 3110 = 8813. Is k a composite number?
False
Let w(g) = 1460*g - 913. Is w(5) a prime number?
False
Let k(y) = -2*y**3 + 17*y**2 + 24. Let q be k(9). Is (74804/12)/((-19)/q) composite?
False
Let g be -4 - (-20)/5 - 81. Let d = -81 - g. Suppose d = l - 2*i - 1097, 5*l + 0*l + i - 5430 = 0. Is l a composite number?
False
Let j = 15 + -29. Let b(d) be the second derivative of -26*d**3/3 + 17*d**2/2 - 44*d. Is b(j) a composite number?
True
Let w(v) = 25*v**2 - 27*v + 656. Is w(-51) a composite number?
True
Suppose -31*v = -34*v - 18663. Let w = v + 9216. Is w a composite number?
True
Let x(l) = 1552*l**2 - l - 53. Is x(-8) a composite number?
True
Suppose 0 = -2*v - 4*o - 62234, 3*v - 5*o + 62279 = v. Let i = v + 58366. Is i prime?
True
Let x be 16 + 4 + -4 + -3. Suppose -x*n = -15*n + 1670. Let z = n - 558. Is z a prime number?
True
Suppose -14*v + 63 = 7*v. Suppose -4*b = 2*y - 17018, -v*b + 11145 + 1620 = 2*y. Is b a composite number?
False
Is (26 + 1 + (-17 - -11))*188644/12 prime?
False
Let c(v) = -426*v - 107. Let q be c(9). Let p = 6352 + q. Is p composite?
False
Let v = -120 + 123. Let g(k) = 688*k**2 + k + 2. Is g(v) a composite number?
False
Suppose -3*o + 25 = 31. Let p be (2 - -2)*1/o. Let c(y) = 141*y**2 - 5*y - 1. Is c(p) prime?
False
Suppose 3*m = -9*x + 12*x + 7968, 3*x + 7962 = 5*m. Let u = x - -4476. Is u a prime number?
False
Let z be (3815/(-30))/(14/(-84)). Let x = z + -314. Is x a composite number?
False
Suppose 5*h - 5*h + 3151711 = 41*h. Is h prime?
True
Let k = 534 + 2521. Let o = k + 3414. Is o a composite number?
False
Let s = -81 + 96. Suppose -s*p = -18*p + 11697. Is p composite?
True
Let a be 288/(-768) - 67898/16. Let q = -1311 - a. Is q a composite number?
True
Let t = 28 - 21. Let c(q) = 0 - t + 2 + 26*q - 2. Is c(4) composite?
False
Let q = 38966 - 2673. Is q a prime number?
True
Let m be (1 - -10) + (-1 - (3 - 5)). Let k(h) = 2*h + 63. Is k(m) prime?
False
Let z(l) = -6912*l**2 - l - 6. Let u be z(-2). Let d = -13913 - u. Is d a prime number?
False
Suppose 753662 = 214*u - 2724949 - 6125923. Is u a prime number?
False
Let l(m) = -m**2 - 9*m - 10. Let t be l(-8). Let u be (40/(-70))/(t/(-7)). Is 753/u*26/(-39) composite?
False
Let j(z) = z**3 + 8*z**2 - 25*z - 48. Let q be j(-10). Suppose 28*v + 20 = 33*v, -4*v = q*b - 2412. Is b composite?
True
Let z(q) = q**2 + 4*q + 42. Let h = 297 - 326. Is z(h) composite?
True
Suppose -2*m - 5*p = -9872, 174*p = -5*m + 172*p + 24659. Is m a prime number?
True
Suppose 47*j - 61*j + 56 = 0. Suppose x = -j*y - 2*x + 82289, y = -2*x + 20571. Is y composite?
True
Suppose -29*u = -27*u - 12, -680025 = -3*q + 2*u. Is q composite?
True
Suppose -69104 = -5*f - 2*b + 55601, 2*f = b + 49891. Is f a prime number?
True
Let v(h) = 7*h + 28. Suppose -2 = -2*a - 14. Let q be v(a). Let i(f) = -f**3 - 9*f**2 + 5*f - 11. Is i(q) a composite number?
True
Is (584043/(-180) - (-14)/(-210))*-4 a composite number?
False
Let l be (3525/(-4))/((-1)/4). Suppose -7773 = -6*k + l. Is k composite?
True
Let w = -220 - -220. Suppose w = t + 13*o - 18*o - 2799, -11296 = -4*t - 5*o. Is t a prime number?
True
Suppose -2183511 - 4067569 = -25*j + 1752595. Is j a prime number?
False
Suppose 3*r + 57747 = c - 82718, 3*c - 421421 = -4*r. Is c composite?
True
Suppose 49 = 5*p + 34. Suppose p*o = -2*o. Suppose o = -2*m + 5*m - 498. Is m composite?
True
Suppose -274968 = 34*z - 1353990 - 1931576. Is z a prime number?
True
Suppose -2*h = -q - 0*q - 4, 0 = -4*q. Let i(o) = o**2 + 7 + 6*o**2 - 17*o - h*o**2. Is i(8) prime?
True
Let d = -2314 - -3896. Let n be (-4)/((-4)/(-3))*(1 - d). Suppose -4*p = 8, 293 = 4*j + 4*p - n. Is j prime?
False
Let i be (-8 - (-16)/4)*5. Let m be i/70 + 77586/(-7). Is m/(-8) + 1/(-2) composite?
True
Suppose 8*q - 10*q = -2858. Let g = 2162 - 1406. Let o = q - g. Is o prime?
True
Suppose 5*v - 9900 = -2515. Suppose -7*y + 0*y + v = 0. Is y prime?
True
Let k be (-2 - -1) + 3 + 130 + -9. Suppose k = 2*x + 5*c - 651, -1211 = -3*x + 5*c. Is x prime?
True
Let p(j) = 2*j**3 + 3*j + 2*j**2 - j**2 + 1 - 3*j**2 + 5*j**2. Let s be p(3). Let l = s - -240. Is l prime?
True
Let m(h) = 8951*h**2 + 5*h. Let u be m(5). Suppose -4*w = 5*f - 279771, u = 3*f + f - w. Is f a composite number?
True
Let o be (-504)/(-10) + 3/5. Suppose -11*l + y = -14*l + 208, -l + o = 4*y. Is l a prime number?
True
Suppose -3*t + 287565 = -17*r + 19*r, 3*t = 3*r + 287580. Is t composite?
False
Let h = 694 - -35961. Is h a prime number?
False
Let p be (26 + 1380/(-24))/(1/(-16)). Let x = 0 + 2. Suppose -x*i + p + 1039 = -d, d = -5. Is i a prime number?
True
Let y(u) = 2*u**2 + 213*u + 3623. Is y(-110) prime?
False
Let c = 2145 + 392. Let v = c + -1386. Is v a prime number?
True
Let u(o) = -2*o**2 - 8*o - 12. Let n be u(-3). Let i be (3 + n)*1 + 796. Suppose i = 5*t - 732. Is t composite?
True
Let c be 133/35 - (-1)/5. Suppose c*d + 6500 = 8*d. Suppose u = -4*h + 5937 - d, -5*h = u - 5391. Is h composite?
True
Let h = -41851 - -147018. Is h a prime number?
True
Suppose -70815 - 70347 = -3*q + k, 2*q - 94118 = 4*k. Is q a prime number?
False
Suppose -r + l + 257144 = 0, -379077 - 135214 = -2*r + 3*l. Is r composite?
False
Suppose 0 = 7*b + 2*d - 2569432 - 1380829, 5*d - 2257319 = -4*b. Is b composite?
True
Let m = -2415 - -867. Let q = 166 - 1211. Let k = q - m. Is k a composite number?
False
Let w(p) = -2*p**3 - 2*p**2 - 10*p - 1. Let f(g) = 2*g**3 + 3*g**2 + 11*g + 1. Let i(o) = -3*f(o) - 4*w(o). Let r be i(3). Is (-6)/(-3) + -4 + r a prime number?
False
Let b be (-87*1)/((-47)/(-423)). Let v(h) = 190*h - 6. Let m be v(7). Let n = m + b. Is n composite?
False
Let t(z) be the second derivative of 93*z**5/20 - 7*z**4/12 - 7*z**3/6 + z**2 + 10*z. Let c be t(-4). Is c/(-18) - (-9)/((-405)/10) a composite number?
True
Suppose 6*k = k + 4*p + 9, -2*p - 7 = -3*k. Is (37173/(-12))/(k/(-20)) prime?
True
Let a be -31*(-2 + 4)*(-1)/2. Suppose u - 22 = -4*w, -3*u - 3*w + a = 10. Suppose 5*p - 458 - 205 = -u*f, -p + 1317 = 4*f. Is f a prime number?
False
Let z = -371 + 369. Is ((-5)/z)/(25/87950) composite?
True
Let x = -15752 - -14179. Let f be (-275 - 1) + 0/2. Let k = f - x. Is k a composite number?
False
Let z(r) = -7*r + 4*r**2 + 4*r**3 + 17*r**3 + 6*r**3 - 4 + r. Is z(3) a composite number?
False
Let b = 33 + -29. Suppose -2*d + 0*d = -5*p - 11, 28 = 3*d + b*p. Let n = 39 - d. Is n a prime number?
True
Let y be (-5367*4/6)/(8/(-12)). Suppose 2*b = y + 4453. Suppose 5*c - 2*c = 5*l - b, -4885 = -5*l - 2*c. Is l a composite number?
True
Is 2/(12/(-24303))*-4 prime?
False
Is 10489235/50 + (-18)/(-60) composite?
True
Let h(i) = -i